t o(k) be the first derivative of -k**2 - 3*k - 8. Give o(-3).
3
Let n(v) be the second derivative of 11*v**3/6 - v**2 - 2*v. Give n(2).
20
Let y(r) = -r + 4 + 2 - 2. Let o(i) = -2*i**2 + 3*i - 3. Let a be o(2). Calculate y(a).
9
Let y(t) be the second derivative of -4*t + 0 + 0*t**2 + 1/2*t**3 - 1/3*t**4 + 1/20*t**5. What is y(2)?
-2
Let r(y) = y**3 - 3*y - 4*y**2 + y**2 + 8*y**2 - 2*y**3 - 3. What is r(3)?
6
Let f(t) be the first derivative of t**3 - t**2 - t + 17. Calculate f(2).
7
Let s(a) = -a**2 - 6*a - 6. Let b be s(-4). Suppose 5*p - 9 = 2*r, b*r + p = r + 6. Let x(g) = g + g**r + 0*g**3 - 5 + 3 + 6. Determine x(0).
4
Let q(d) = -2 - 3 + 8*d + 4. Give q(2).
15
Let f(l) be the third derivative of -l**6/120 - l**4/24 + l**2. Suppose -3*m + 2*m + 19 = 0. Suppose 13 - m = 3*h. Give f(h).
10
Let m(r) = -r**3 + 7*r - 2 - 1 + 7 + 0 - 5*r**2. Calculate m(-6).
-2
Let w(o) be the second derivative of -o**5/20 + o**4/12 - o**3/6 + o**2/2 - 16*o. Give w(0).
1
Let w(k) = k - 1. Let f(x) = -x - 14. Let m be f(-17). Give w(m).
2
Let w be ((-3)/12)/(4/(-48)). Let h(y) = -2 + 0 + 1 - 1 + w*y. Determine h(3).
7
Let g(b) = b**3 + 4*b**2 + 2*b + 2. Let c be g(-3). Suppose 3 + 7 = c*y. Let i(u) = y + u + 0 - 1. What is i(5)?
6
Let t be 1*(-1 - 2 - -9). Let w(v) = 2*v**2 - v**2 + 4 - v**2 + v**3 + 5*v + t*v**2. Determine w(-5).
4
Suppose -5*z - 6 = -2*z. Let b(t) = t + 4. Calculate b(z).
2
Let p(k) = -k**3 - 6*k**2 + 6*k + 1. Let o(z) = -z**3 + 13*z**2 + 14*z - 7. Let m be o(14). Give p(m).
8
Let z(b) = -2*b**2 + 8 - 6 + 0*b**2 - 2*b - 3*b**2. Determine z(-2).
-14
Let f be (245/(-60) - -4) + (-1)/(-3). Let u(k) be the first derivative of -4/3*k**3 + 0*k + 2 - 1/2*k**2 - f*k**4. Give u(-4).
4
Let d = -9 + 7. Let j(z) = -2*z**2 - z + 1. Calculate j(d).
-5
Let w(t) be the first derivative of t**7/840 + t**6/72 + t**5/30 + 2*t**3/3 - 2. Let v(q) be the third derivative of w(q). Let f = -11 + 8. What is v(f)?
6
Let m(k) = k**3 + 4*k**2 + 2*k + 2. Let g(r) = r**3 - 6*r**2 - 2*r + 9. Let o be g(6). Give m(o).
5
Let p(l) = -4*l + 3*l - 340 + 339. What is p(5)?
-6
Let x(b) = 2*b**2 + 13 - 6*b + 0*b + 10 - 6*b. Let d(q) = -q**2 + 6*q - 11. Let z(o) = -13*d(o) - 6*x(o). Give z(5).
0
Let i(g) = -g - 6. Let m be ((-6)/4)/((-1)/2). Suppose 0 = 4*c + m*b + 4, 8 = 3*b - 4. Calculate i(c).
-2
Let b = -95 - -95. Let t(f) = -f**2 + f + 24. Give t(b).
24
Let g(s) = -s - 7. Let k = 9 + -15. Give g(k).
-1
Let n be 6/((-75)/(-42) - 2/7). Let w(a) = a**2 - 5*a + 5. Calculate w(n).
1
Suppose 3*b = 4*b - 14. Let k = b + -10. Let h(w) = -w**3 + 6*w**2 - 5*w + 3. Calculate h(k).
15
Let u(i) be the first derivative of i**2/2 + 9*i + 4. What is u(0)?
9
Suppose 3*t = -2*n + 14, 0*t = -2*t + n + 14. Let w(y) = -3*y**2 + 4*y**2 + 7*y - t - 3*y + 2*y. What is w(-6)?
-6
Let y(h) = -2 - 4 + 5 - 4*h**3 + 2*h**3. Let j be (1 + 0)/(4/4). Calculate y(j).
-3
Let s(q) = -4*q**3 + 2*q**2 + q - 2. Let i be 3/12 - (-35)/20. Determine s(i).
-24
Let n be (10/(-6) + 1)*-3. Let y(v) = -v + 1. Let z be y(n). Let d(b) = -b**2 + b. What is d(z)?
-2
Let h(v) = 4*v - 6. Let p(g) = g - 2. Let w(y) = 3*h(y) - 10*p(y). Let k be w(-2). Let t(j) = j**3 + j - 47 + j**2 + 47. What is t(k)?
-6
Let f(c) be the first derivative of -c**4/12 - c**3 - 3*c**2/2 + 5*c + 6. Let p(u) be the first derivative of f(u). Calculate p(-5).
2
Let q be (-1 - (-1 + 0))*1. Let r(o) be the first derivative of o**6/360 + o**4/3 - o**3 - 2. Let k(t) be the third derivative of r(t). Determine k(q).
8
Let j(t) = 3*t - 3. Let a be 3 - (1 - -1 - 0). Let i(b) = b**3 + 2*b**2 - 2*b + 1. Let w be i(a). What is j(w)?
3
Suppose -2*j - 31 = -4*r - j, -4*j = -3*r + 33. Suppose -5*b + r = 22. Let u(q) = -3*q - 4. Calculate u(b).
5
Suppose -3*g + 4 - 1 = 0. Let v(k) = k**2 + k + 1. Let u(x) = -x**3 - 6*x**2 + x + 4. Let f(z) = g*u(z) + v(z). What is f(-5)?
-5
Let a(k) = k**3 - k**2 - 8. Let b(l) = -2*l**3 + l**2 - l + 16. Let s(p) = -9*a(p) - 4*b(p). Calculate s(6).
-4
Let b(p) = -p - 12. Let s(n) = -6*n - 61. Let f(o) = 11*b(o) - 2*s(o). Give f(9).
-1
Let h(w) = w**2 - 5*w - 3. Let v be h(6). Let q = v - 1. Let x(t) = 10*t + 5. Let c(n) = -5*n - 3. Let o(g) = 7*c(g) + 4*x(g). Give o(q).
9
Let g(r) = -r + 2*r**2 + 0 - r - 1 + 6*r. Calculate g(-3).
5
Suppose 6 = 3*k - k. Suppose -7*a = -k*a - 16. Let h(t) = -t + 3. Give h(a).
-1
Let j(m) = -4*m + 6. Let w(a) = 0 - a + 5 + a - 3*a. Let n(q) = -q**3 - q**2 + q. Let h be n(-2). Let t(f) = h*j(f) - 3*w(f). Determine t(5).
2
Let f(j) = -3*j**2. Let d(h) be the third derivative of h**4/24 + h**3/6 + 5*h**2. Let s be d(-2). Determine f(s).
-3
Suppose 5*j + 3*m + 21 = 0, 3*m = -2*j - 0*m - 3. Let w(v) = 2*v + 9. Determine w(j).
-3
Let m(c) = -2*c**2 + 7*c - 2*c**2 + 2 + 0*c. Let j(b) = -b**2 + b. Let d(g) = g**2 + 5*g - 7. Let z be d(-6). Let v(l) = z*m(l) + 5*j(l). Determine v(-3).
-5
Let a be ((-3)/2)/(21/98). Let f(k) = k**3 + 7*k**2 + k + 7. Calculate f(a).
0
Let c(a) = -a - 7. Let z be c(-6). Let d be -1 + 5 - (3 + z). Let n(x) = 4*x + 0*x + x**2 + d + 2*x. Give n(-5).
-3
Let i(j) = -6*j - 8 + 2 + 0 + 0. Give i(-4).
18
Let n(r) = -r**3 - 3*r**2 + 3*r. Let a = 0 + 4. Suppose 0 = -a*q - 94 + 22. Let l be 190/(-45) - 4/q. Calculate n(l).
4
Suppose -7*n + 34 - 13 = 0. Let x(z) be the third derivative of -1/2*z**3 + n*z**2 + 0 + 0*z - 1/24*z**4. Give x(-4).
1
Let j(v) = 3 - v**2 - 5 - 3 + v. Suppose -4*n = 0, -4*n = -4*o - 0*n. What is j(o)?
-5
Let z(x) = x**2 + 2*x - 6. Suppose t + 3 = -2. Determine z(t).
9
Let g(f) = -2*f**3 + 3*f**2 - f + 1. Let c be 10/5*(1 - -1). Let k = c - 2. Give g(k).
-5
Let t = 2 + -2. Let u be -5 + (0 - t) - 0. Let b(a) be the second derivative of a**5/20 + a**4/2 + a**3/2 - a**2/2 - 2*a. Calculate b(u).
9
Let m(j) = 2*j - 198 + 6*j + 194 - j**2. Let b = -3 + 6. Determine m(b).
11
Let w(c) = c**3 - 3*c**2 - 4*c - 1. Let s be w(4). Let r(k) = 5*k. Calculate r(s).
-5
Let x(l) be the first derivative of -1/2*l**2 + 1/3*l**3 + 2*l + 1. Suppose 0 = 3*o - 6 - 0. Determine x(o).
4
Suppose 4*m - 9*m = -15. Let r(f) = m*f + f - 3*f - 1 + 6*f. Suppose 5*v + 22 = 3*a, -4*v - 25 = 4*a - 1. Give r(a).
-8
Let b(l) = -2*l + 12. Let m be b(9). Let x(w) = -1 + 5*w + 5 - 2 + w**3 + 7*w**2 - 4. Give x(m).
4
Let k(l) be the third derivative of l**6/24 + l**5/30 - l**4/12 + l**3/6 + 2*l**2. Calculate k(1).
6
Let k(a) = -a**2 + a + 2. Let p(x) = -x**3 - 6*x**2 - 3*x + 1. Let d be p(-5). Let b = d + 7. Calculate k(b).
-4
Suppose 0*g = -2*g + 18. Let h = g + -3. Let x(u) = -u. What is x(h)?
-6
Let a = 11 - 8. Let m(i) = -i + 4 + 2*i**a - 5 - i**3 - 5*i**2. Calculate m(5).
-6
Let a(v) = v**2 + 11*v + 11. Suppose -20*q = -26*q - 54. Calculate a(q).
-7
Let p(t) be the first derivative of t**4/2 - 5*t**3/3 + 2*t**2 - 5*t + 3. Let g(v) = v**3 + 1. Let n(h) = g(h) - p(h). Let a = 5 - 1. Give n(a).
6
Let l(s) = -4*s**2 + 13*s - 8*s - 4*s + 2 - 3*s. What is l(-2)?
-10
Let m(w) be the first derivative of w**2/2 + 4*w - 15. Calculate m(-6).
-2
Let m(x) = x**2 - 5*x + 1. Let l = -6 - -19. Let j = 22 - l. Let h = j - 4. Calculate m(h).
1
Suppose -9*s = -7*s. Let x(c) = -c**3 - 2*c - 5. Let p(a) = -a**2 - a. Let v(q) = p(q) - x(q). Determine v(s).
5
Let c(g) = -g**3 + 7*g**2 - 3. Let k(f) = 2*f**3 - 14*f**2 + 5. Let q(r) = -5*c(r) - 3*k(r). Give q(7).
0
Let q(j) = j**3 + 1. Let x(t) = -8*t**2 + 4. Let l(i) = q(i) - x(i). Determine l(-8).
-3
Let m be (-4)/(-7) - (-6 - 74/(-7)). Let w(u) = 3 - 4 + 2*u - 1 + u**2. What is w(m)?
6
Let r(q) be the first derivative of -q**3/6 + 11*q**2/2 + 3*q + 3. Let b(m) be the first derivative of r(m). Calculate b(0).
11
Let n(o) be the first derivative of o**3/6 + 5*o**2/2 + 4*o + 4. Let h(s) be the first derivative of n(s). Determine h(-5).
0
Suppose 5*f = 4*i - 61, -40 = f + 2*f + i. Let k = f + 11. Let y(a) = 3*a. Give y(k).
-6
Let z(a) = a**3 - 5*a**2 - 5*a + 3. Let g be 3 + 5/((-20)/(-12)). Give z(g).
9
Let h(w) be the second derivative of w**4/12 - 4*w**3/3 - 3*w**2 - 3*w. What is h(6)?
-18
Let s(h) be the first derivative of h**4/3 - 2*h**3/3 + 3*h**2/2 - 10*h + 4. Let g(l) be the first derivative of s(l). Let f = -3 + 5. Give g(f).
11
Suppose -5*m - 4 = -64. Let c(w) = w + w - m*w**2 + 11*w**2 + 4. Calculate c(4).
-4
Let q(l) = -3*l**3 + 4*l**2 - l + 3. Let k(v) = -4*v**3 + 4